t(z) = 5*z + 71. Let i(d) = 31*d + 432. Let w(x) = 4*i(x) - 25*t(x). Give w(-21).
-26
Let k(y) = -y**2 + 6*y - 8. Let z(r) = -9*r - 87. Let d be z(-12). Suppose -d*s = -13*s - 40. Determine k(s).
-3
Let i(q) = q**3 + q**2 + q - 1. Let w(o) = 5*o**3 + 22*o**2 - 8*o - 3. Let j(a) = -6*i(a) + w(a). What is j(15)?
18
Let n(t) be the first derivative of t**2/2 - 2*t - 11. Suppose 52*y = 21 + 31. Give n(y).
-1
Let m(p) = -4*p - 11. Let c(g) = 6*g**2 - 56*g + 23. Let u be c(8). Let w be 1/(21 + -17 - u/(-10)). Give m(w).
29
Let b(p) be the third derivative of p**5/60 - 5*p**4/24 - 5*p**2. Let m(z) be the first derivative of -3*z**2 + 54*z - 30. Let r be m(8). Calculate b(r).
6
Let i(h) be the second derivative of h**4/12 + h**2 + h. Let v = -117 - -68. Let w = v - -49. What is i(w)?
2
Let h(m) be the first derivative of m**4 - 17*m**3/3 + 3*m**2/2 + 8529. Calculate h(4).
-4
Let s(q) be the second derivative of -7*q**3/6 - 9*q**2/2 - 4*q - 48. Calculate s(-4).
19
Let f(a) be the second derivative of a**5/4 - a**4/6 + a**2/2 + 1203*a + 2. What is f(-1)?
-6
Let j(l) = -l - 5. Let o be ((-15)/(-5))/((-15)/25). Let w be (-12)/(-24)*0/o. Calculate j(w).
-5
Let b(s) = -s**3 + s**2 + s + 1. Let q(a) = -3*a**3 + 9*a**2 - 2*a + 17. Let y be q(7). Let j be ((-8)/(-10))/((-3)/(y/6)). Suppose 24*p = j*p. Give b(p).
1
Let c = -7 + -10. Let l(v) = v**2 + 18*v + 15. Let f be l(c). Let z(r) = -2*r**2 - r + 1. Determine z(f).
-5
Let i(k) = -29*k + 255. Let m be (150/16)/1 + 8*96/(-2048). Calculate i(m).
-6
Let m = -715 - -715. Let y(u) = 13 - u**2 + 4*u**2 - 6 + u - 2*u**2. Calculate y(m).
7
Let z(g) = 8*g**2 + g - 8. Let m be z(-6). Let s = 273 - m. Let f(j) = 6*j. Calculate f(s).
-6
Let n(p) = 197*p - 1276. Let o(v) = 148*v - 955. Let y(c) = -11*n(c) + 15*o(c). Give y(5).
-24
Suppose 0 = -330*d + 659*d - 328*d - 14. Let l(b) = -2*b + 29. What is l(d)?
1
Let c(o) be the second derivative of 2*o**3/3 - o**2 - o. Let d be 8 - -2 - ((-69160)/(-5700) - (-4)/(-30)). Give c(d).
-10
Let h(y) = 4*y - 90. Let m be h(20). Let s(o) = 27*o**2 + 23*o - 17. Let g(u) = -38*u**2 - 34*u + 26. Let t(l) = -5*g(l) - 7*s(l). Calculate t(m).
-1
Let q(d) = -70 + 10 - 13*d - 4*d. Let m be q(-4). Let r(s) = s - 1. Let o(y) = -y**3 + 9*y**2 - 10*y + 9. Let l(x) = -o(x) - r(x). Calculate l(m).
0
Suppose -84*r = -33 - 219. Let z(w) = -18*w + 56. Calculate z(r).
2
Let u(w) = -5 - 19*w - 26*w + 44*w. Let r be (1 - -4)*6*(-13)/78. Determine u(r).
0
Suppose 4*f + 27*f = 0. Let r(m) be the third derivative of m**7/840 - m**4/4 + m**3/2 + 5*m**2. Let h(s) be the first derivative of r(s). Determine h(f).
-6
Let u(g) = g**3 - g + 5. Let f(x) = x**3 + 16*x**2 - 2*x + 20. Let r(d) = -d**2 - d - 1. Let b(y) = f(y) + 6*r(y). Let p be b(-11). Let q = p + 19. Give u(q).
5
Let j(u) = -u**3 + 9*u**2 + 8*u + 21. Let s(i) = 2*i**2 + 9*i - 39. Let d be s(-7). Let p be 3 - (3 - (6 - d)). What is j(p)?
1
Let t(u) = -3*u**3 - 8*u**2 + 156*u - 3. Let x(c) = -c**3 - 3*c**2 + 55*c - 1. Let z(v) = 6*t(v) - 17*x(v). Determine z(0).
-1
Let d = -295 + 298. Let l(x) = -x**3 - x**2 + x + 2. Let a be l(-1). Let o(q) = -3 - 1 + 4 + q**d + q - a. Determine o(-2).
-11
Let p(j) = j**2 + 1378 - 359 - 348 - 283 + 19*j - 300. What is p(-14)?
18
Let a(o) be the third derivative of -27*o**2 + 0*o - 1/6*o**3 + 0 + 1/24*o**4. Suppose 0*y + y - 5*v = 0, -4*y = -v - 19. Calculate a(y).
4
Let f(c) = c**2 - 6. Suppose -5*a - 1515 = -o, -132 = a + o + 177. Let r = 304 + a. What is f(r)?
-6
Suppose 4*s + 12 = -2*u, -2 = 5*s - 2*u - 2*u. Let b(k) be the third derivative of -1/12*k**4 + 0 - 1/20*k**5 + 0*k - 143*k**2 + 1/3*k**3. Calculate b(s).
-6
Suppose h - 10 = -p, 5*p - 12 = -3*h + 26. Let g(t) = -29*t + 177. What is g(h)?
3
Let i(p) = -22*p**3 - 10 + 3*p**2 - 3*p - 25*p**3 + 46*p**3 - 4*p. Determine i(-3).
65
Let a(c) = 0*c**2 + 164013 - 16*c**2 + c - c**3 - 163996. Give a(-16).
1
Let r = -31583 - -31564. Let s(l) = -l**3 - 18*l**2 + 17*l - 41. Determine s(r).
-3
Suppose -262*w - 9114 + 1614 = -637*w. Let k(j) = -2*j**3 + 42*j**2 - 44*j + 38. Determine k(w).
-42
Let u(r) be the second derivative of -3*r**5/20 - 2*r**4 - 7*r**3/2 - 7*r**2/2 + 78*r. What is u(-7)?
-7
Let m be -3 - ((-2)/13 - (-60)/52). Let x(u) = 8*u**2 - 5. Let p(q) = -q**2 + q + 1. Let a(r) = -6*p(r) - x(r). What is a(m)?
-9
Let u(i) = 2*i + 16. Let m(d) = -3*d - 24. Let f(x) = -5*m(x) - 7*u(x). Calculate f(-6).
2
Let f be 3/(-9) + 63/108. Let c(s) be the first derivative of s**3 + 22 - 1/2*s**2 + f*s**4 + 0*s. Calculate c(-2).
6
Let r(b) = 9*b - 4*b + 3*b + 169*b**2 - 12 - 170*b**2. Calculate r(4).
4
Let s(t) = -t**3 - 13*t**2 - t - 13. Let c be s(-13). Suppose c = 2*n + 7 - 11. Let q(z) = -3*z**n + 7*z + 0 + 5*z**2 - 10*z + 1. Give q(3).
10
Let n be (-1)/((-2)/4)*1. Let g(q) = -3*q**n + 0*q**2 + 1 + 2*q**2 - q. Let i = 70130 + -70129. Calculate g(i).
-1
Suppose -180*j + 185*j - 10 = 0, 6 = 2*z + 2*j. Let d(x) = -55*x + 4. Calculate d(z).
-51
Let r(g) = g**2 + 10*g + 18. Suppose -41 = 4*h + 3*y, -5*h + 3*y - 55 = 8*y. Calculate r(h).
2
Let g(u) = 23*u - 3351*u**2 - 15*u + 14 + 3350*u**2. Calculate g(10).
-6
Let f(o) = o**3 + 18. Suppose 0 = 21*h + 18 + 23 + 22. Determine f(h).
-9
Let b(z) be the third derivative of z**6/40 - z**5/60 - z**4/24 + z**3/3 - 3244*z**2. Give b(-2).
-24
Let q be 2 + (-2)/(-1) + 0. Suppose 5*n + 50 = -2*b - b, -6 = -2*n + q*b. Let t(s) = -100 - 17 + 36 - s + 35 + 38. Calculate t(n).
-1
Let r(z) = 3*z - 26 + 8*z**2 + 3*z**3 + 0*z**2 + z**2 + 5 - 4*z**3. What is r(9)?
6
Let k(g) = -17*g**2 + 72*g + 7. Let m(s) = -3*s**2 + 13*s + 1. Let y(p) = k(p) - 6*m(p). Let f be 2/(-8) + (-174)/(-24). Determine y(f).
8
Let y(r) = r**3 + 30*r**2 + 3*r - 6. Let g(x) = x**3 + 28*x**2 + 5*x - 6. Let q(k) = 9*g(k) - 8*y(k). Determine q(-10).
-16
Suppose -2*u - 20 = -6*u. Let c(r) = -5*r + u*r + 2*r - 1. Suppose 3*h = -g + 9, -2*g + 76*h - 81*h + 16 = 0. What is c(g)?
5
Let t(r) = -2*r**3 - 7*r**2 + 26*r - 3. Let b be t(-6). Let v(c) = c**3 - 20*c**2 - 20*c - 50. What is v(b)?
-29
Let g(q) = 14*q - 13. Let v = 13 + -7. Let c(z) = -7*z + 7. Let f(b) = v*g(b) + 11*c(b). Let m(h) = -h - 35. Let x be m(-34). Give f(x).
-8
Let n(a) be the first derivative of -a**3/3 + 7*a**2/2 - 6*a + 2. Suppose 336 - 66 = 174*b - 774. Give n(b).
0
Suppose 0 = 3*n - 61 + 1. Let k = n - -70. Let l = -96 + k. Let f(w) = w + 6. Give f(l).
0
Let w(b) be the third derivative of -14*b + 0 - 1/60*b**5 + b**2 - 1/6*b**4 + 0*b**3. What is w(-6)?
-12
Let l(v) = 13 - 12*v + 13 + 2 + 2*v - v**2. Let a be l(-12). Let m(q) be the second derivative of -q**3/6 + q**2 + q. What is m(a)?
-2
Let z(m) be the first derivative of -m**4/4 - 7*m**3 - 19*m**2/2 + 17*m - 338. Give z(-20).
-3
Let t(r) = 2*r**2 + 2*r + 2. Let d be t(-4). Suppose l + 4*p = -0*p + d, 0 = 3*l - 3*p - 123. Let z(o) = l - 38 + o**2 + 2*o. Give z(-3).
3
Let v = -5295 - -5299. Let n(y) = -4*y**2 + 19*y - 3. Calculate n(v).
9
Let t(n) = -24*n + 2. Let i = 188 - 195. Let p(y) = -13*y + 1. Let b(j) = i*p(j) + 3*t(j). Determine b(-1).
-20
Let q(t) = -17*t + 17. Let b(n) = -10*n + 9. Let m(d) = 7*b(d) - 4*q(d). Let v(c) = c + 1. Let u(y) = -2*m(y) - 11*v(y). Determine u(2).
-15
Let y be ((-6)/(-4))/((-21)/(-4)) + (-24957)/(-3717). Let k(q) = q**3 - 7*q**2 + q + 8. Determine k(y).
15
Suppose -9*a - 90 = -5*y - 13*a, 4*y + 3*a - 73 = 0. Let b(v) = v**3 - 24*v**2 + 43*v + 26. Calculate b(y).
4
Suppose 0 = 4*a + 1277 - 1289. Let c(f) = -7*f + 9. Give c(a).
-12
Let o(u) be the first derivative of -u**2 - 99 + 5*u - 1/4*u**4 + u**3. Determine o(4).
-19
Let q(j) = j + 3 - j**3 + 0*j**2 + 14 - 3*j**2 - 21. Suppose -3*u + 25 - 34 = 0. Calculate q(u).
-7
Let y(g) = -5*g**2 + 7*g + 8. Let l(f) = f**2. Let u(v) = -6*l(v) - y(v). Give u(-8).
-16
Let a(q) = -q**3 - 4*q**2 - 5*q - 3. Let s = -460 - -431. Let r(y) = -y**2 - 25*y + 113. Let m be r(s). Calculate a(m).
3
Let x = -8 + 5. Let r(a) = -4*a - 8. Let h(i) = -3*i - 6. Let j(k) = 4*k + 97. Let z be j(-25). Let t(g) = z*h(g) + 2*r(g). What is t(x)?
-1
Let l(h) be the second derivative of -13*h**3/3 - 277*h**2/2 + 4018*h + 2. Calculate l(-11).
9
Let o be 9/27 - (-14)/3. Let t(h) = 24*h - 7. Let k(s) = -31*s + 7. Let u(v) = o*t(v) + 4*k(v). Give u(0).
-7
Let g(h) = -1588 + 34*h**2 + 60*h + 1561 - 3*h -